925 and 154?
77
What is the greatest common divisor of 13837 and 1096?
137
Calculate the highest common divisor of 153 and 9.
9
Calculate the greatest common factor of 6416 and 2.
2
What is the greatest common divisor of 48 and 432?
48
What is the highest common divisor of 75 and 285?
15
What is the highest common divisor of 15 and 240?
15
Calculate the highest common divisor of 1526 and 42.
14
Calculate the highest common divisor of 4386 and 34.
34
Calculate the highest common factor of 178 and 5963.
89
Calculate the highest common divisor of 9 and 63.
9
Calculate the highest common divisor of 104 and 143.
13
Calculate the highest common factor of 1608 and 192.
24
Calculate the greatest common divisor of 459 and 34.
17
What is the greatest common factor of 645 and 15?
15
What is the highest common divisor of 1698 and 21?
3
Calculate the highest common factor of 32 and 524.
4
What is the greatest common divisor of 108 and 12?
12
Calculate the highest common factor of 11017 and 23.
23
Calculate the greatest common factor of 6 and 228.
6
Calculate the greatest common divisor of 957 and 58.
29
What is the highest common factor of 74 and 3478?
74
What is the greatest common factor of 104 and 1053?
13
Calculate the highest common factor of 5094 and 108.
18
What is the highest common factor of 888 and 72?
24
What is the greatest common divisor of 1168 and 16?
16
Calculate the greatest common factor of 1508 and 1276.
116
What is the greatest common divisor of 1068 and 6?
6
What is the highest common divisor of 48132 and 12?
12
What is the highest common divisor of 258 and 46?
2
Calculate the highest common factor of 45 and 15.
15
What is the highest common divisor of 345 and 69?
69
Calculate the highest common divisor of 6913 and 124.
31
Calculate the greatest common divisor of 102 and 45.
3
Calculate the greatest common factor of 1067 and 22.
11
What is the greatest common divisor of 1590 and 24?
6
What is the greatest common divisor of 64 and 2?
2
Calculate the greatest common divisor of 20 and 190.
10
What is the highest common factor of 25 and 415?
5
What is the highest common factor of 2709 and 504?
63
Calculate the greatest common divisor of 4 and 784.
4
Calculate the highest common divisor of 29 and 928.
29
Calculate the highest common factor of 207 and 63.
9
What is the greatest common factor of 33 and 1859?
11
Calculate the highest common divisor of 1492 and 22007.
373
Calculate the highest common factor of 4028 and 76.
76
What is the highest common divisor of 68 and 153?
17
Calculate the highest common divisor of 28264 and 8.
8
Calculate the greatest common divisor of 19512 and 72.
72
Calculate the highest common factor of 2450 and 294.
98
What is the highest common factor of 87 and 22040?
29
What is the greatest common divisor of 231 and 2233?
77
What is the greatest common factor of 42 and 1232?
14
What is the greatest common factor of 154 and 88?
22
What is the highest common divisor of 40 and 580?
20
What is the highest common factor of 1045 and 95?
95
What is the highest common factor of 256 and 640?
128
Calculate the highest common divisor of 682 and 22.
22
Calculate the greatest common divisor of 1110 and 30.
30
What is the greatest common divisor of 189 and 441?
63
What is the highest common divisor of 156 and 15990?
78
What is the greatest common divisor of 30 and 225?
15
Calculate the highest common divisor of 6 and 477.
3
What is the greatest common factor of 2077 and 1139?
67
Calculate the greatest common divisor of 3996 and 1036.
148
Calculate the greatest common divisor of 33433 and 67.
67
Calculate the greatest common factor of 15 and 7790.
5
Calculate the greatest common factor of 62 and 5.
1
What is the greatest common factor of 25920 and 18?
18
Calculate the highest common divisor of 14 and 1106.
14
What is the greatest common factor of 142 and 355?
71
Calculate the greatest common divisor of 22 and 682.
22
What is the highest common divisor of 156 and 3068?
52
What is the greatest common factor of 136 and 24?
8
Calculate the greatest common factor of 105 and 1110.
15
What is the greatest common factor of 6 and 20?
2
Calculate the greatest common factor of 10 and 5370.
10
What is the highest common factor of 374 and 51?
17
Calculate the greatest common divisor of 286 and 962.
26
What is the greatest common factor of 1147 and 31?
31
What is the highest common factor of 12 and 732?
12
Calculate the highest common divisor of 1752 and 511.
73
Calculate the highest common factor of 2187 and 648.
81
What is the greatest common factor of 860 and 2752?
172
What is the highest common divisor of 10 and 20?
10
What is the highest common divisor of 481 and 37?
37
Calculate the greatest common factor of 126 and 1656.
18
Calculate the greatest common factor of 120 and 12120.
120
What is the highest common factor of 13 and 4979?
13
What is the highest common factor of 4680 and 13?
13
Calculate the highest common factor of 144 and 52.
4
What is the greatest common factor of 23 and 299?
23
Calculate the greatest common factor of 12 and 1398.
6
What is the greatest common factor of 4069 and 26?
13
What is the greatest common factor of 6086 and 34?
34
What is the highest common factor of 175 and 63?
7
Calculate the highest common factor of 3304 and 168.
56
Calculate the highest common factor of 765 and 17.
17
Calculate the greatest common divisor of 154 and 88.
22
Calculate the greatest common factor of 1616 and 5454.
202
Calculate the highest common divisor of 88 and 550.
22
Calculate the highest common divisor of 2769 and 273.
39
Calculate the greatest common divisor of 1394 and 82.
82
Calculate the highest common factor of 68 and 969.
17
Calculate the greatest common divisor of 35 and 3640.
35
Calculate the highest common factor of 7871 and 34.
17
Calculate the greatest common factor of 51 and 221.
17
What is the greatest common divisor of 69 and 12834?
69
Calculate the greatest common factor of 4575 and 175.
25
What is the highest common factor of 1 and 173?
1
What is the highest common divisor of 176 and 11?
11
Calculate the highest common divisor of 2828 and 28.
28
What is the highest common factor of 56 and 259?
7
What is the greatest common factor of 174 and 12?
6
Calculate the greatest common factor of 410 and 10414.
82
What is the greatest common factor of 4 and 25?
1
Calculate the greatest common divisor of 1056 and 297.
33
What is the greatest common divisor of 68 and 306?
34
Calculate the highest common divisor of 16 and 272.
16
Calculate the greatest common factor of 14626 and 1278.
142
What is the greatest common factor of 638 and 116?
58
What is the highest common divisor of 62 and 1798?
62
What is the greatest common divisor of 29 and 2755?
29
Calculate the highest common divisor of 97 and 873.
97
Calculate the greatest common divisor of 399 and 57.
57
Calculate the greatest common divisor of 198 and 2002.
22
What is the highest common divisor of 335 and 1943?
67
Calculate the highest common divisor of 14 and 378.
14
Calculate the highest common divisor of 64 and 1504.
32
What is the highest common divisor of 1816 and 24?
8
Calculate the greatest common factor of 64 and 1000.
8
What is the greatest common divisor of 9264 and 16?
16
Calculate the highest common divisor of 501 and 9.
3
Calculate the highest common factor of 34 and 34.
34
What is the highest common factor of 245 and 140?
35
What is the greatest common factor of 1911 and 441?
147
Calculate the highest common divisor of 2304 and 174.
6
What is the highest common divisor of 20 and 100?
20
Calculate the greatest common divisor of 98 and 9016.
98
What is the highest common factor of 260 and 585?
65
What is the greatest common divisor of 78 and 351?
39
Calculate the greatest common factor of 245 and 4305.
35
Calculate the highest common divisor of 238 and 51.
17
Calculate the highest common divisor of 70 and 490.
70
Calculate the highest common divisor of 123 and 9266.
41
What is the greatest common factor of 148133 and 41?
41
Calculate the highest common factor of 141 and 2.
1
What is the highest common factor of 4032 and 1872?
144
What is the greatest common factor of 16 and 12952?
8
What is the highest common factor of 60 and 125?
5
Calculate the highest comm